{"id":647,"date":"2013-03-17T16:21:30","date_gmt":"2013-03-17T16:21:30","guid":{"rendered":"http:\/\/www.partisantheatre.org\/?page_id=647"},"modified":"2013-03-17T16:22:15","modified_gmt":"2013-03-17T16:22:15","slug":"founding-members","status":"publish","type":"page","link":"https:\/\/partisantheatre.agrft.uni-lj.si\/index.php\/founding-members\/","title":{"rendered":"Founding Members"},"content":{"rendered":"","protected":false},"excerpt":{"rendered":"<p>Each of the sixteen elected members of the Slovene National Theatre received his or her decree. From the very beginning only ten were in fact participating. The dramaturge Mile Klop\u010di\u010d left for the headquarters soon after the theatre&#8217;s founding; Matej Bor moved to the secret base 12-23, known amongst the fighters as \u00bbcripplebase\u00ab; soon thereafter the singer Anica \u010cepe also left, while Janez Jerman, Marija Kristan\u010di\u010d, Smiljana Samec and Rade Simoniti were taken by the offensive down south and from there across the sea into the Italian town of Bari, while Marta Pavlin-Brina left with Kajuh for the XIV. Division to Styria. The core of the Slovene National Theater was thus made up of the president Filip Kumbatovi\u010d, two female actresses Vlado\u0161a Sim\u010di\u010d and Ema Starc and four male actors Lojze Potokar, France Presetnik, Jo\u017ee Gale and Jo\u017ee Tiran of Ljubljana&#8217;s Drama as well as two female singers Bogdana and Nada Stritar and the male singer Stane \u010cesnik of Ljubljana&#8217;s Opera.  <\/p>\n","protected":false},"author":1,"featured_media":649,"parent":0,"menu_order":0,"comment_status":"open","ping_status":"open","template":"predstaveclani.php","meta":{"footnotes":""},"class_list":["post-647","page","type-page","status-publish","has-post-thumbnail","hentry"],"_links":{"self":[{"href":"https:\/\/partisantheatre.agrft.uni-lj.si\/index.php\/wp-json\/wp\/v2\/pages\/647","targetHints":{"allow":["GET"]}}],"collection":[{"href":"https:\/\/partisantheatre.agrft.uni-lj.si\/index.php\/wp-json\/wp\/v2\/pages"}],"about":[{"href":"https:\/\/partisantheatre.agrft.uni-lj.si\/index.php\/wp-json\/wp\/v2\/types\/page"}],"author":[{"embeddable":true,"href":"https:\/\/partisantheatre.agrft.uni-lj.si\/index.php\/wp-json\/wp\/v2\/users\/1"}],"replies":[{"embeddable":true,"href":"https:\/\/partisantheatre.agrft.uni-lj.si\/index.php\/wp-json\/wp\/v2\/comments?post=647"}],"version-history":[{"count":3,"href":"https:\/\/partisantheatre.agrft.uni-lj.si\/index.php\/wp-json\/wp\/v2\/pages\/647\/revisions"}],"predecessor-version":[{"id":651,"href":"https:\/\/partisantheatre.agrft.uni-lj.si\/index.php\/wp-json\/wp\/v2\/pages\/647\/revisions\/651"}],"wp:featuredmedia":[{"embeddable":true,"href":"https:\/\/partisantheatre.agrft.uni-lj.si\/index.php\/wp-json\/wp\/v2\/media\/649"}],"wp:attachment":[{"href":"https:\/\/partisantheatre.agrft.uni-lj.si\/index.php\/wp-json\/wp\/v2\/media?parent=647"}],"curies":[{"name":"wp","href":"https:\/\/api.w.org\/{rel}","templated":true}]}}